[INFO] fetching crate ra_ap_proc_macro_srv 0.0.49...
[INFO] building ra_ap_proc_macro_srv-0.0.49 against master#ff34b919075f35a1787659e9c448a34b06bab8de for issue-85264
[INFO] extracting crate ra_ap_proc_macro_srv 0.0.49 into /workspace/builds/worker-4/source
[INFO] validating manifest of crates.io crate ra_ap_proc_macro_srv 0.0.49 on toolchain ff34b919075f35a1787659e9c448a34b06bab8de
[INFO] running `Command { std: "/workspace/cargo-home/bin/cargo" "+ff34b919075f35a1787659e9c448a34b06bab8de" "metadata" "--manifest-path" "Cargo.toml" "--no-deps", kill_on_drop: false }`
[INFO] started tweaking crates.io crate ra_ap_proc_macro_srv 0.0.49
[INFO] finished tweaking crates.io crate ra_ap_proc_macro_srv 0.0.49
[INFO] tweaked toml for crates.io crate ra_ap_proc_macro_srv 0.0.49 written to /workspace/builds/worker-4/source/Cargo.toml
[INFO] running `Command { std: "/workspace/cargo-home/bin/cargo" "+ff34b919075f35a1787659e9c448a34b06bab8de" "generate-lockfile" "--manifest-path" "Cargo.toml" "-Zno-index-update", kill_on_drop: false }`
[INFO] [stderr]     Blocking waiting for file lock on package cache
[INFO] running `Command { std: "/workspace/cargo-home/bin/cargo" "+ff34b919075f35a1787659e9c448a34b06bab8de" "fetch" "--manifest-path" "Cargo.toml", kill_on_drop: false }`
[INFO] [stderr]     Blocking waiting for file lock on package cache
[INFO] running `Command { std: "docker" "create" "-v" "/var/lib/crater-agent-workspace/builds/worker-4/target:/opt/rustwide/target:rw,Z" "-v" "/var/lib/crater-agent-workspace/builds/worker-4/source:/opt/rustwide/workdir:ro,Z" "-v" "/var/lib/crater-agent-workspace/cargo-home:/opt/rustwide/cargo-home:ro,Z" "-v" "/var/lib/crater-agent-workspace/rustup-home:/opt/rustwide/rustup-home:ro,Z" "-e" "SOURCE_DIR=/opt/rustwide/workdir" "-e" "CARGO_TARGET_DIR=/opt/rustwide/target" "-e" "CARGO_HOME=/opt/rustwide/cargo-home" "-e" "RUSTUP_HOME=/opt/rustwide/rustup-home" "-w" "/opt/rustwide/workdir" "-m" "1610612736" "--user" "0:0" "--network" "none" "ghcr.io/rust-lang/crates-build-env/linux@sha256:20528e8c29e4536546f0102ce88568b16ea7538393a33fcca951030f7af10457" "/opt/rustwide/cargo-home/bin/cargo" "+ff34b919075f35a1787659e9c448a34b06bab8de" "metadata" "--no-deps" "--format-version=1", kill_on_drop: false }`
[INFO] [stdout] 55069beed5001c33058e64a9afeb9ce972b193cadf696924d41e07d10739a5fc
[INFO] [stderr] WARNING: Your kernel does not support swap limit capabilities or the cgroup is not mounted. Memory limited without swap.
[INFO] running `Command { std: "docker" "start" "-a" "55069beed5001c33058e64a9afeb9ce972b193cadf696924d41e07d10739a5fc", kill_on_drop: false }`
[INFO] running `Command { std: "docker" "inspect" "55069beed5001c33058e64a9afeb9ce972b193cadf696924d41e07d10739a5fc", kill_on_drop: false }`
[INFO] running `Command { std: "docker" "rm" "-f" "55069beed5001c33058e64a9afeb9ce972b193cadf696924d41e07d10739a5fc", kill_on_drop: false }`
[INFO] [stdout] 55069beed5001c33058e64a9afeb9ce972b193cadf696924d41e07d10739a5fc
[INFO] running `Command { std: "docker" "create" "-v" "/var/lib/crater-agent-workspace/builds/worker-4/target:/opt/rustwide/target:rw,Z" "-v" "/var/lib/crater-agent-workspace/builds/worker-4/source:/opt/rustwide/workdir:ro,Z" "-v" "/var/lib/crater-agent-workspace/cargo-home:/opt/rustwide/cargo-home:ro,Z" "-v" "/var/lib/crater-agent-workspace/rustup-home:/opt/rustwide/rustup-home:ro,Z" "-e" "SOURCE_DIR=/opt/rustwide/workdir" "-e" "CARGO_TARGET_DIR=/opt/rustwide/target" "-e" "CARGO_INCREMENTAL=0" "-e" "RUST_BACKTRACE=full" "-e" "RUSTFLAGS=--cap-lints=forbid" "-e" "CARGO_HOME=/opt/rustwide/cargo-home" "-e" "RUSTUP_HOME=/opt/rustwide/rustup-home" "-w" "/opt/rustwide/workdir" "-m" "1610612736" "--user" "0:0" "--network" "none" "ghcr.io/rust-lang/crates-build-env/linux@sha256:20528e8c29e4536546f0102ce88568b16ea7538393a33fcca951030f7af10457" "/opt/rustwide/cargo-home/bin/cargo" "+ff34b919075f35a1787659e9c448a34b06bab8de" "build" "--frozen" "--message-format=json", kill_on_drop: false }`
[INFO] [stdout] 126aa18d9f139c2329c03cfa18042f85f476853b13c666c1d65be992e004c203
[INFO] [stderr] WARNING: Your kernel does not support swap limit capabilities or the cgroup is not mounted. Memory limited without swap.
[INFO] running `Command { std: "docker" "start" "-a" "126aa18d9f139c2329c03cfa18042f85f476853b13c666c1d65be992e004c203", kill_on_drop: false }`
[INFO] [stderr]    Compiling libc v0.2.95
[INFO] [stderr]    Compiling cfg-if v1.0.0
[INFO] [stderr]    Compiling log v0.4.14
[INFO] [stderr]    Compiling rustc-hash v1.1.0
[INFO] [stderr]    Compiling serde v1.0.126
[INFO] [stderr]    Compiling once_cell v1.7.2
[INFO] [stderr]    Compiling hashbrown v0.9.1
[INFO] [stderr]    Compiling text-size v1.1.0
[INFO] [stderr]    Compiling smallvec v1.6.1
[INFO] [stderr]    Compiling ra_ap_la-arena v0.0.49
[INFO] [stderr]    Compiling unicode-segmentation v1.7.1
[INFO] [stderr]    Compiling drop_bomb v0.1.5
[INFO] [stderr]    Compiling lazy_static v1.4.0
[INFO] [stderr]    Compiling scopeguard v1.1.0
[INFO] [stderr]    Compiling fst v0.4.6
[INFO] [stderr]    Compiling cov-mark v1.1.0
[INFO] [stderr]    Compiling arrayvec v0.7.0
[INFO] [stderr]    Compiling ra_ap_paths v0.0.49
[INFO] [stderr]    Compiling serde_json v1.0.64
[INFO] [stderr]    Compiling dissimilar v1.0.2
[INFO] [stderr]    Compiling snap v1.0.5
[INFO] [stderr]    Compiling object v0.23.0
[INFO] [stderr]    Compiling jod-thread v0.1.2
[INFO] [stderr]    Compiling indexmap v1.6.2
[INFO] [stderr]    Compiling crossbeam-utils v0.8.4
[INFO] [stderr]    Compiling itertools v0.10.0
[INFO] [stderr]    Compiling rustc-ap-rustc_lexer v714.0.0
[INFO] [stderr]    Compiling syn v1.0.72
[INFO] [stderr]    Compiling instant v0.1.9
[INFO] [stderr]    Compiling libloading v0.7.0
[INFO] [stderr]    Compiling lock_api v0.4.4
[INFO] [stderr]    Compiling ra_ap_text_edit v0.0.49
[INFO] [stderr]    Compiling ra_ap_parser v0.0.49
[INFO] [stderr]    Compiling always-assert v0.1.2
[INFO] [stderr]    Compiling heck v0.3.2
[INFO] [stderr]    Compiling crossbeam-channel v0.5.1
[INFO] [stderr]    Compiling ra_ap_vfs v0.0.49
[INFO] [stderr]    Compiling num_cpus v1.13.0
[INFO] [stderr]    Compiling ra_ap_stdx v0.0.49
[INFO] [stderr]    Compiling perf-event-open-sys v1.0.1
[INFO] [stderr]    Compiling parking_lot_core v0.8.3
[INFO] [stderr]    Compiling memmap v0.7.0
[INFO] [stderr]    Compiling memmap2 v0.2.3
[INFO] [stderr]    Compiling dashmap v4.0.2
[INFO] [stderr]    Compiling parking_lot v0.11.1
[INFO] [stderr]    Compiling perf-event v0.4.7
[INFO] [stderr]    Compiling countme v2.0.4
[INFO] [stderr]    Compiling ra_ap_profile v0.0.49
[INFO] [stderr]    Compiling rowan v0.13.0-pre.3
[INFO] [stderr]    Compiling ra_ap_test_utils v0.0.49
[INFO] [stderr]    Compiling serde_derive v1.0.126
[INFO] [stderr]    Compiling salsa-macros v0.16.0
[INFO] [stderr]    Compiling salsa v0.16.1
[INFO] [stderr]    Compiling smol_str v0.1.17
[INFO] [stderr]    Compiling ra_ap_tt v0.0.49
[INFO] [stderr]    Compiling ra_ap_syntax v0.0.49
[INFO] [stderr]    Compiling ra_ap_cfg v0.0.49
[INFO] [stderr]    Compiling ra_ap_base_db v0.0.49
[INFO] [stderr]    Compiling ra_ap_mbe v0.0.49
[INFO] [stderr]    Compiling ra_ap_proc_macro_api v0.0.49
[INFO] [stderr]    Compiling ra_ap_proc_macro_srv v0.0.49 (/opt/rustwide/workdir)
[INFO] [stderr]     Finished dev [unoptimized + debuginfo] target(s) in 51.37s
[INFO] running `Command { std: "docker" "inspect" "126aa18d9f139c2329c03cfa18042f85f476853b13c666c1d65be992e004c203", kill_on_drop: false }`
[INFO] running `Command { std: "docker" "rm" "-f" "126aa18d9f139c2329c03cfa18042f85f476853b13c666c1d65be992e004c203", kill_on_drop: false }`
[INFO] [stdout] 126aa18d9f139c2329c03cfa18042f85f476853b13c666c1d65be992e004c203
[INFO] running `Command { std: "docker" "create" "-v" "/var/lib/crater-agent-workspace/builds/worker-4/target:/opt/rustwide/target:rw,Z" "-v" "/var/lib/crater-agent-workspace/builds/worker-4/source:/opt/rustwide/workdir:ro,Z" "-v" "/var/lib/crater-agent-workspace/cargo-home:/opt/rustwide/cargo-home:ro,Z" "-v" "/var/lib/crater-agent-workspace/rustup-home:/opt/rustwide/rustup-home:ro,Z" "-e" "SOURCE_DIR=/opt/rustwide/workdir" "-e" "CARGO_TARGET_DIR=/opt/rustwide/target" "-e" "CARGO_INCREMENTAL=0" "-e" "RUST_BACKTRACE=full" "-e" "RUSTFLAGS=--cap-lints=forbid" "-e" "CARGO_HOME=/opt/rustwide/cargo-home" "-e" "RUSTUP_HOME=/opt/rustwide/rustup-home" "-w" "/opt/rustwide/workdir" "-m" "1610612736" "--user" "0:0" "--network" "none" "ghcr.io/rust-lang/crates-build-env/linux@sha256:20528e8c29e4536546f0102ce88568b16ea7538393a33fcca951030f7af10457" "/opt/rustwide/cargo-home/bin/cargo" "+ff34b919075f35a1787659e9c448a34b06bab8de" "test" "--frozen" "--no-run" "--message-format=json", kill_on_drop: false }`
[INFO] [stdout] 2ef278d262359183560633a4a2a794d25702827b08c691bfd7a1bdcfac676284
[INFO] [stderr] WARNING: Your kernel does not support swap limit capabilities or the cgroup is not mounted. Memory limited without swap.
[INFO] running `Command { std: "docker" "start" "-a" "2ef278d262359183560633a4a2a794d25702827b08c691bfd7a1bdcfac676284", kill_on_drop: false }`
[INFO] [stderr]    Compiling camino v1.0.4
[INFO] [stderr]    Compiling semver v0.11.0
[INFO] [stderr]    Compiling cargo-platform v0.1.1
[INFO] [stderr]    Compiling cargo_metadata v0.13.1
[INFO] [stderr]    Compiling ra_ap_proc_macro_srv v0.0.49 (/opt/rustwide/workdir)
[INFO] [stdout] error[E0432]: unresolved import `test_utils`
[INFO] [stdout]  --> src/tests/utils.rs:7:5
[INFO] [stdout]   |
[INFO] [stdout] 7 | use test_utils::assert_eq_text;
[INFO] [stdout]   |     ^^^^^^^^^^ use of undeclared crate or module `test_utils`
[INFO] [stdout] 
[INFO] [stdout] 
[INFO] [stdout] error[E0432]: unresolved import `test_utils`
[INFO] [stdout]  --> src/tests/mod.rs:5:5
[INFO] [stdout]   |
[INFO] [stdout] 5 | use test_utils::assert_eq_text;
[INFO] [stdout]   |     ^^^^^^^^^^ use of undeclared crate or module `test_utils`
[INFO] [stdout] 
[INFO] [stdout] 
[INFO] [stdout] error: cannot determine resolution for the macro `assert_eq_text`
[INFO] [stdout]   --> src/tests/utils.rs:56:5
[INFO] [stdout]    |
[INFO] [stdout] 56 |     assert_eq_text!(&expect.trim(), &format!("{:?}", res));
[INFO] [stdout]    |     ^^^^^^^^^^^^^^
[INFO] [stdout]    |
[INFO] [stdout]    = note: import resolution is stuck, try simplifying macro imports
[INFO] [stdout] 
[INFO] [stdout] 
[INFO] [stdout] error: cannot determine resolution for the macro `assert_eq_text`
[INFO] [stdout]   --> src/tests/mod.rs:40:5
[INFO] [stdout]    |
[INFO] [stdout] 40 |     assert_eq_text!(
[INFO] [stdout]    |     ^^^^^^^^^^^^^^
[INFO] [stdout]    |
[INFO] [stdout]    = note: import resolution is stuck, try simplifying macro imports
[INFO] [stdout] 
[INFO] [stdout] 
[INFO] [stdout] error: cannot determine resolution for the macro `assert_eq_text`
[INFO] [stdout]   --> src/tests/mod.rs:52:5
[INFO] [stdout]    |
[INFO] [stdout] 52 |     assert_eq_text!(
[INFO] [stdout]    |     ^^^^^^^^^^^^^^
[INFO] [stdout]    |
[INFO] [stdout]    = note: import resolution is stuck, try simplifying macro imports
[INFO] [stdout] 
[INFO] [stdout] 
[INFO] [stdout] error[E0433]: failed to resolve: use of undeclared crate or module `toolchain`
[INFO] [stdout]   --> src/tests/utils.rs:16:36
[INFO] [stdout]    |
[INFO] [stdout] 16 |         let command = Command::new(toolchain::cargo())
[INFO] [stdout]    |                                    ^^^^^^^^^ use of undeclared crate or module `toolchain`
[INFO] [stdout] 
[INFO] [stdout] 
[INFO] [stdout] error: aborting due to 6 previous errors
[INFO] [stdout] 
[INFO] [stdout] 
[INFO] [stdout] Some errors have detailed explanations: E0432, E0433.
[INFO] [stdout] 
[INFO] [stdout] For more information about an error, try `rustc --explain E0432`.
[INFO] [stdout] 
[INFO] [stderr] error: could not compile `ra_ap_proc_macro_srv`
[INFO] [stderr] 
[INFO] [stderr] To learn more, run the command again with --verbose.
[INFO] running `Command { std: "docker" "inspect" "2ef278d262359183560633a4a2a794d25702827b08c691bfd7a1bdcfac676284", kill_on_drop: false }`
[INFO] running `Command { std: "docker" "rm" "-f" "2ef278d262359183560633a4a2a794d25702827b08c691bfd7a1bdcfac676284", kill_on_drop: false }`
[INFO] [stdout] 2ef278d262359183560633a4a2a794d25702827b08c691bfd7a1bdcfac676284
